{"id":27,"date":"2021-06-21T11:10:27","date_gmt":"2021-06-21T09:10:27","guid":{"rendered":"https:\/\/gemeinnuetzige-gesellschaft-der-bezirke-zuerich-und-dietikon.ch\/ggbzd\/?page_id=27"},"modified":"2021-11-04T10:58:12","modified_gmt":"2021-11-04T09:58:12","slug":"geschichte-der-gesellschaft","status":"publish","type":"page","link":"https:\/\/gemeinnuetzige-gesellschaft-der-bezirke-zuerich-und-dietikon.ch\/ggbzd\/ggbzd\/geschichte-der-gesellschaft\/","title":{"rendered":"Geschichte der Gesellschaft"},"content":{"rendered":"\n<p>Unsere Gesellschaft hiess fr\u00fcher &#171;Gemeinn\u00fctzige Gesellschaft des Bezirkes Z\u00fcrich&#187;. Der Bezirk Z\u00fcrich wurde jedoch 1989 in die Bezirke Z\u00fcrich und Dietikon aufgespalten, deshalb entstand unser langer Name.<\/p>\n\n\n\n<p>Im Jahre 1810 wurde die&nbsp;<a href=\"http:\/\/www.sgg-ssup.ch\/\">Schweizerische Gemeinn\u00fctzige Gesellschaft<\/a>&nbsp;mit Sitz in Z\u00fcrich gegr\u00fcndet. Danach entstanden in verschiedenen Kantonen und St\u00e4dten regionale Gesellschaften, so auch die Gemeinn\u00fctzige Gesellschaft des damaligen Bezirkes Z\u00fcrich.<\/p>\n\n\n\n<p>Von 1861 an wurden neue Ideen zur&nbsp;<strong>F\u00f6rderung des Volkswohls<\/strong>&nbsp;lanciert und verbreitet und&nbsp;<strong>verschiedene soziale Institutionen gegr\u00fcndet<\/strong>&nbsp;und unterst\u00fctzt, welche bis heute Bestand haben.<\/p>\n\n\n\n<ol><li>Lancierung und Verbreitung von Ideen zur F\u00f6rderung des Volkswohls<\/li><\/ol>\n\n\n\n<figure class=\"wp-block-table\"><table><tbody><tr><td>1861<\/td><td>Der Turnunterricht an der Volksschule<\/td><\/tr><tr><td>1863<\/td><td>Die Revision der Staatsverfassung<\/td><\/tr><tr><td>1867<\/td><td>Der Ausbau der Volksschule<\/td><\/tr><tr><td>1874<\/td><td>Die Einrichtung Fr\u00f6bel&#8217;scher Kinderg\u00e4rten<\/td><\/tr><tr><td>1878<\/td><td>Unsere Volks- und Jugendliteratur<\/td><\/tr><tr><td>1879<\/td><td>Bericht Kommission f\u00fcr Schutzaufsicht &#171;Uitikon&#187;<\/td><\/tr><tr><td>1881<\/td><td>Das Wirtshausleben und die Familie<\/td><\/tr><tr><td>1882<\/td><td>Ausbeutung der Arbeiterinnen in den Konfektionsgesch\u00e4ften<\/td><\/tr><tr><td>1884<\/td><td>Die Naturalverpflegung armer Reisender<\/td><\/tr><tr><td>1893<\/td><td>Die Lage der Landwirtschaft<\/td><\/tr><tr><td>1894<\/td><td>Die F\u00f6rderung der Talente<\/td><\/tr><tr><td>1897<\/td><td>Das Abzahlungsgesch\u00e4ft<\/td><\/tr><tr><td>1902<\/td><td>Die z\u00fcrcherische Pflegeanstalt f\u00fcr geistesschwache, bildungsunf\u00e4hige Kinder in Uster<\/td><\/tr><tr><td>1905<\/td><td>Projektionsbilder vom Bau der Jungfraubahn<\/td><\/tr><tr><td>1906<\/td><td>\u00dcber G\u00fcterzusammenlegung<\/td><\/tr><tr><td>ab 1911<\/td><td>Amtsvormundschaft<br>Hygiene und Ethik im Wohnungswesen<br>Der Luxus als Steuerquelle<br>Erbgesundheit, Erbkrankheit<br>Die Seelennot von Schwerh\u00f6rigen<br>Psychiatrie und Rechtssprechung<br>Kolonisation in der Krisenzeit<\/td><\/tr><\/tbody><\/table><figcaption>historischer \u00dcberblick Volkswohl<\/figcaption><\/figure>\n\n\n\n<p>2. Gr\u00fcndung verschiedener sozialer Institutionen<\/p>\n\n\n\n<figure class=\"wp-block-table\"><table><tbody><tr><td>1865<\/td><td>Kommission f\u00fcr verwahrloste Kinder<br>Betreuung von Kindern in Heimen<br>1875: 54 Kinder<br>1910: 105 Kinder<\/td><\/tr><tr><td>1871<\/td><td>Kommission f\u00fcr Zwangsarbeitsanstalten<br>1873 Initiative und Gr\u00fcndung von &#171;Uitikon&#187;<\/td><\/tr><tr><td>1876<\/td><td>Gr\u00fcndung eines Fr\u00f6bel&#8217;schen Kindergartens auf dem Lindenhof<\/td><\/tr><tr><td>1877<\/td><td>Kommission f\u00fcr Schutzaufsicht (Nachbetreuung Uitikon)<\/td><\/tr><tr><td>1881<\/td><td>Volksschriften-Kommission<br>Errichtung von Arbeiter-Leses\u00e4len, Gratis-Volkskonzerte<br>1895 \u00dcberf\u00fchrung in Pestalozzigesellschaft<\/td><\/tr><tr><td>1881<\/td><td>Errichtung Verband f\u00fcr Naturalverpflegung<br>1910: 51&#8217;768 Personen!<\/td><\/tr><tr><td>1894<\/td><td>Stipendienkasse f\u00fcr junge Talente<br>1931 Karoline Farner Fonds<br>1934 Berta Reiser Fonds<\/td><\/tr><tr><td>1901<\/td><td>Schreibstube f\u00fcr Stellenlose<br>heute AWZ AG (Adressen- und Werbezentrale)<br>Initiative<br>Gr\u00fcndung mit Gewerbeverband Z\u00fcrich<br>freiwillige und Einwohnerarmenpflege Z\u00fcrich<\/td><\/tr><tr><td>1902<\/td><td>Stelle f\u00fcr Arbeitsvermittlung<br>1929 beendet<\/td><\/tr><tr><td>1902<\/td><td>Z\u00fcrich. Pflegeanstalt f\u00fcr geistesschwache, bildungsunf\u00e4hige Kinder in Uster.<br>heute Wagerenhof<br>Initiative und Gr\u00fcndung gemeinsam mit der Gemeinn\u00fctzigen Gesellschaft des Kantons Z\u00fcrich<br>selbst\u00e4ndige Stiftung<\/td><\/tr><tr><td>1906<\/td><td>Stellenvermittlung f\u00fcr Minderj\u00e4hrige in fremdsprachlichen Gebieten. 1910: 138 Platzierungen.<\/td><\/tr><\/tbody><\/table><figcaption>historischer \u00dcberblick Soziale Institutionen<\/figcaption><\/figure>\n\n\n\n<p><br>Sp\u00e4ter wurden auch die\u00a0<strong>Verwaltung und Verteilung von privaten Geldmitteln f\u00fcr soziale Zwecke<\/strong>\u00a0\u00fcbernommen, so z.B. die \u00dcbernahme der Lina M\u00fcller-Meier Stiftung, die Errichtung des Berta Reiser Fonds, des Karolina Farner Fonds und des Meili Fonds.<\/p>\n\n\n\n<p>3. Verwaltung und Verteilung von Geldmitteln f\u00fcr soziale Zwecke<\/p>\n\n\n\n<figure class=\"wp-block-table\"><table><tbody><tr><td>1924<\/td><td>\u00dcbernahme der Frau Lina-M\u00fcller-Meier Stiftung<\/td><td>(Fr. 110&#8217;500.-)<\/td><\/tr><tr><td>1931<\/td><td>Errichtung Karolina Farner Fonds<\/td><td>(Fr. 40&#8217;000.-)<\/td><\/tr><tr><td>1933<\/td><td>Errichtung Berta Reiser Fonds<\/td><td>(Fr. 500&#8217;000.-)<\/td><\/tr><tr><td>1934 bis heute<\/td><td>Ausrichtung von Stipendien f\u00fcr die Erlernung eines Berufes oder die Absolvierung eines Studiums.<\/td><td><\/td><\/tr><\/tbody><\/table><figcaption>historischer \u00dcberblick Soziale Gelder<\/figcaption><\/figure>\n\n\n\n<p>Die Zeiten haben sich in diesen rund 150 Jahren stark ge\u00e4ndert, der Staat hat viele urspr\u00fcnglichen Ideen und Aufgaben selbst \u00fcbernommen.<\/p>\n\n\n\n<p><strong>Heute besteht unsere Kernaufgabe in der Erteilung von Zusatzstipendien an junge Menschen f\u00fcr deren Erstausbildung.<\/strong><\/p>\n\n\n\n<p>Trotz staatlichen Stipendien gibt es immer wieder Menschen, denen es nicht m\u00f6glich ist, ihre Ausbildung und ihren Lebensunterhalt vollst\u00e4ndig zu finanzieren.<\/p>\n","protected":false},"excerpt":{"rendered":"<p>Unsere Gesellschaft hiess fr\u00fcher &#171;Gemeinn\u00fctzige Gesellschaft des Bezirkes Z\u00fcrich&#187;. Der Bezirk Z\u00fcrich wurde jedoch 1989 in die Bezirke Z\u00fcrich und Dietikon aufgespalten, deshalb entstand unser langer Name. Im Jahre 1810 wurde die&nbsp;Schweizerische Gemeinn\u00fctzige Gesellschaft&nbsp;mit Sitz in Z\u00fcrich gegr\u00fcndet. Danach entstanden in verschiedenen Kantonen und St\u00e4dten regionale Gesellschaften, so auch die&#8230;<\/p>\n<p> <a class=\"continue-reading-link\" href=\"https:\/\/gemeinnuetzige-gesellschaft-der-bezirke-zuerich-und-dietikon.ch\/ggbzd\/ggbzd\/geschichte-der-gesellschaft\/\"><span>Continue reading<\/span><i class=\"crycon-right-dir\"><\/i><\/a> <\/p>\n","protected":false},"author":4,"featured_media":0,"parent":15,"menu_order":2,"comment_status":"closed","ping_status":"closed","template":"","meta":[],"acf":[],"_links":{"self":[{"href":"https:\/\/gemeinnuetzige-gesellschaft-der-bezirke-zuerich-und-dietikon.ch\/ggbzd\/wp-json\/wp\/v2\/pages\/27"}],"collection":[{"href":"https:\/\/gemeinnuetzige-gesellschaft-der-bezirke-zuerich-und-dietikon.ch\/ggbzd\/wp-json\/wp\/v2\/pages"}],"about":[{"href":"https:\/\/gemeinnuetzige-gesellschaft-der-bezirke-zuerich-und-dietikon.ch\/ggbzd\/wp-json\/wp\/v2\/types\/page"}],"author":[{"embeddable":true,"href":"https:\/\/gemeinnuetzige-gesellschaft-der-bezirke-zuerich-und-dietikon.ch\/ggbzd\/wp-json\/wp\/v2\/users\/4"}],"replies":[{"embeddable":true,"href":"https:\/\/gemeinnuetzige-gesellschaft-der-bezirke-zuerich-und-dietikon.ch\/ggbzd\/wp-json\/wp\/v2\/comments?post=27"}],"version-history":[{"count":5,"href":"https:\/\/gemeinnuetzige-gesellschaft-der-bezirke-zuerich-und-dietikon.ch\/ggbzd\/wp-json\/wp\/v2\/pages\/27\/revisions"}],"predecessor-version":[{"id":37,"href":"https:\/\/gemeinnuetzige-gesellschaft-der-bezirke-zuerich-und-dietikon.ch\/ggbzd\/wp-json\/wp\/v2\/pages\/27\/revisions\/37"}],"up":[{"embeddable":true,"href":"https:\/\/gemeinnuetzige-gesellschaft-der-bezirke-zuerich-und-dietikon.ch\/ggbzd\/wp-json\/wp\/v2\/pages\/15"}],"wp:attachment":[{"href":"https:\/\/gemeinnuetzige-gesellschaft-der-bezirke-zuerich-und-dietikon.ch\/ggbzd\/wp-json\/wp\/v2\/media?parent=27"}],"curies":[{"name":"wp","href":"https:\/\/api.w.org\/{rel}","templated":true}]}}

<p>Unsere Gesellschaft hiess früher &#171;Gemeinnützige Gesellschaft des Bezirkes Zürich&#187;. Der Bezirk Zürich wurde jedoch 1989 in die Bezirke Zürich und Dietikon aufgespalten, deshalb entstand unser langer Name.</p>



<p>Im Jahre 1810 wurde die&nbsp;<a href="http://www.sgg-ssup.ch/">Schweizerische Gemeinnützige Gesellschaft</a>&nbsp;mit Sitz in Zürich gegründet. Danach entstanden in verschiedenen Kantonen und Städten regionale Gesellschaften, so auch die Gemeinnützige Gesellschaft des damaligen Bezirkes Zürich.</p>



<p>Von 1861 an wurden neue Ideen zur&nbsp;<strong>Förderung des Volkswohls</strong>&nbsp;lanciert und verbreitet und&nbsp;<strong>verschiedene soziale Institutionen gegründet</strong>&nbsp;und unterstützt, welche bis heute Bestand haben.</p>



<ol><li>Lancierung und Verbreitung von Ideen zur Förderung des Volkswohls</li></ol>



<figure class="wp-block-table"><table><tbody><tr><td>1861</td><td>Der Turnunterricht an der Volksschule</td></tr><tr><td>1863</td><td>Die Revision der Staatsverfassung</td></tr><tr><td>1867</td><td>Der Ausbau der Volksschule</td></tr><tr><td>1874</td><td>Die Einrichtung Fröbel&#8217;scher Kindergärten</td></tr><tr><td>1878</td><td>Unsere Volks- und Jugendliteratur</td></tr><tr><td>1879</td><td>Bericht Kommission für Schutzaufsicht &#171;Uitikon&#187;</td></tr><tr><td>1881</td><td>Das Wirtshausleben und die Familie</td></tr><tr><td>1882</td><td>Ausbeutung der Arbeiterinnen in den Konfektionsgeschäften</td></tr><tr><td>1884</td><td>Die Naturalverpflegung armer Reisender</td></tr><tr><td>1893</td><td>Die Lage der Landwirtschaft</td></tr><tr><td>1894</td><td>Die Förderung der Talente</td></tr><tr><td>1897</td><td>Das Abzahlungsgeschäft</td></tr><tr><td>1902</td><td>Die zürcherische Pflegeanstalt für geistesschwache, bildungsunfähige Kinder in Uster</td></tr><tr><td>1905</td><td>Projektionsbilder vom Bau der Jungfraubahn</td></tr><tr><td>1906</td><td>Über Güterzusammenlegung</td></tr><tr><td>ab 1911</td><td>Amtsvormundschaft<br>Hygiene und Ethik im Wohnungswesen<br>Der Luxus als Steuerquelle<br>Erbgesundheit, Erbkrankheit<br>Die Seelennot von Schwerhörigen<br>Psychiatrie und Rechtssprechung<br>Kolonisation in der Krisenzeit</td></tr></tbody></table><figcaption>historischer Überblick Volkswohl</figcaption></figure>



<p>2. Gründung verschiedener sozialer Institutionen</p>



<figure class="wp-block-table"><table><tbody><tr><td>1865</td><td>Kommission für verwahrloste Kinder<br>Betreuung von Kindern in Heimen<br>1875: 54 Kinder<br>1910: 105 Kinder</td></tr><tr><td>1871</td><td>Kommission für Zwangsarbeitsanstalten<br>1873 Initiative und Gründung von &#171;Uitikon&#187;</td></tr><tr><td>1876</td><td>Gründung eines Fröbel&#8217;schen Kindergartens auf dem Lindenhof</td></tr><tr><td>1877</td><td>Kommission für Schutzaufsicht (Nachbetreuung Uitikon)</td></tr><tr><td>1881</td><td>Volksschriften-Kommission<br>Errichtung von Arbeiter-Lesesälen, Gratis-Volkskonzerte<br>1895 Überführung in Pestalozzigesellschaft</td></tr><tr><td>1881</td><td>Errichtung Verband für Naturalverpflegung<br>1910: 51&#8217;768 Personen!</td></tr><tr><td>1894</td><td>Stipendienkasse für junge Talente<br>1931 Karoline Farner Fonds<br>1934 Berta Reiser Fonds</td></tr><tr><td>1901</td><td>Schreibstube für Stellenlose<br>heute AWZ AG (Adressen- und Werbezentrale)<br>Initiative<br>Gründung mit Gewerbeverband Zürich<br>freiwillige und Einwohnerarmenpflege Zürich</td></tr><tr><td>1902</td><td>Stelle für Arbeitsvermittlung<br>1929 beendet</td></tr><tr><td>1902</td><td>Zürich. Pflegeanstalt für geistesschwache, bildungsunfähige Kinder in Uster.<br>heute Wagerenhof<br>Initiative und Gründung gemeinsam mit der Gemeinnützigen Gesellschaft des Kantons Zürich<br>selbständige Stiftung</td></tr><tr><td>1906</td><td>Stellenvermittlung für Minderjährige in fremdsprachlichen Gebieten. 1910: 138 Platzierungen.</td></tr></tbody></table><figcaption>historischer Überblick Soziale Institutionen</figcaption></figure>



<p><br>Später wurden auch die <strong>Verwaltung und Verteilung von privaten Geldmitteln für soziale Zwecke</strong> übernommen, so z.B. die Übernahme der Lina Müller-Meier Stiftung, die Errichtung des Berta Reiser Fonds, des Karolina Farner Fonds und des Meili Fonds.</p>



<p>3. Verwaltung und Verteilung von Geldmitteln für soziale Zwecke</p>



<figure class="wp-block-table"><table><tbody><tr><td>1924</td><td>Übernahme der Frau Lina-Müller-Meier Stiftung</td><td>(Fr. 110&#8217;500.-)</td></tr><tr><td>1931</td><td>Errichtung Karolina Farner Fonds</td><td>(Fr. 40&#8217;000.-)</td></tr><tr><td>1933</td><td>Errichtung Berta Reiser Fonds</td><td>(Fr. 500&#8217;000.-)</td></tr><tr><td>1934 bis heute</td><td>Ausrichtung von Stipendien für die Erlernung eines Berufes oder die Absolvierung eines Studiums.</td><td></td></tr></tbody></table><figcaption>historischer Überblick Soziale Gelder</figcaption></figure>



<p>Die Zeiten haben sich in diesen rund 150 Jahren stark geändert, der Staat hat viele ursprünglichen Ideen und Aufgaben selbst übernommen.</p>



<p><strong>Heute besteht unsere Kernaufgabe in der Erteilung von Zusatzstipendien an junge Menschen für deren Erstausbildung.</strong></p>



<p>Trotz staatlichen Stipendien gibt es immer wieder Menschen, denen es nicht möglich ist, ihre Ausbildung und ihren Lebensunterhalt vollständig zu finanzieren.</p>

<p>Unsere Gesellschaft hiess früher &#171;Gemeinnützige Gesellschaft des Bezirkes Zürich&#187;. Der Bezirk Zürich wurde jedoch 1989 in die Bezirke Zürich und Dietikon aufgespalten, deshalb entstand unser langer Name. Im Jahre 1810 wurde die&nbsp;Schweizerische Gemeinnützige Gesellschaft&nbsp;mit Sitz in Zürich gegründet. Danach entstanden in verschiedenen Kantonen und Städten regionale Gesellschaften, so auch die&#8230;</p>
<p> <a class="continue-reading-link" href="https://gemeinnuetzige-gesellschaft-der-bezirke-zuerich-und-dietikon.ch/ggbzd/ggbzd/geschichte-der-gesellschaft/"><span>Continue reading</span><i class="crycon-right-dir"></i></a> </p>
